613 a prime number?
True
Is 13831667 a composite number?
False
Is 249171718 prime?
False
Is 214832279 composite?
True
Is 25427977 a prime number?
False
Is 60566063 a prime number?
True
Is 256094 composite?
True
Is 3598709 composite?
False
Is 7727189 a composite number?
False
Is 10336841 composite?
False
Is 4452101 a composite number?
True
Is 3648241 composite?
False
Is 1782061 a composite number?
False
Is 30040427 prime?
True
Is 9862579 composite?
False
Is 10775837 a prime number?
False
Is 135070737 composite?
True
Is 131017174 a prime number?
False
Is 382939 a prime number?
True
Is 7231537 composite?
False
Is 273563593 composite?
False
Is 315089317 a prime number?
True
Is 1983227 composite?
False
Is 3915503 a composite number?
False
Is 66308219 prime?
False
Is 55550813 a prime number?
False
Is 1932181 a composite number?
False
Is 51084291 prime?
False
Is 114509579 composite?
False
Is 20766751 a composite number?
False
Is 4311091 composite?
True
Is 125904271 prime?
True
Is 3651119 prime?
True
Is 99414199 composite?
True
Is 1205137 a composite number?
True
Is 8132129 a prime number?
False
Is 6606259 prime?
False
Is 515719 composite?
True
Is 15452033 composite?
False
Is 1960963 a composite number?
True
Is 183530981 a composite number?
False
Is 9568861 composite?
True
Is 12662681 a composite number?
False
Is 200305817 composite?
False
Is 676099 a prime number?
True
Is 980249 prime?
True
Is 175109 prime?
False
Is 47333663 prime?
False
Is 59251351 prime?
True
Is 168970645 prime?
False
Is 2259233 a composite number?
True
Is 2091053 composite?
False
Is 102844163 a prime number?
True
Is 2226131 a composite number?
False
Is 3263791 a composite number?
False
Is 6686507 prime?
True
Is 23078329 composite?
True
Is 86414273 a composite number?
True
Is 158117637 composite?
True
Is 2559983 a composite number?
False
Is 59305249 prime?
True
Is 23424689 prime?
False
Is 32040647 a composite number?
True
Is 335047 a composite number?
False
Is 23018617 a composite number?
False
Is 193777 prime?
False
Is 28684577 a prime number?
False
Is 58501 composite?
True
Is 5178709 a prime number?
True
Is 2416547 a composite number?
True
Is 15157487 composite?
False
Is 18811906 a prime number?
False
Is 3446789 composite?
False
Is 211927 a prime number?
True
Is 5848523 prime?
False
Is 5797111 prime?
True
Is 3019637 composite?
True
Is 972593 a composite number?
True
Is 1740581 prime?
True
Is 8790737 prime?
False
Is 49763859 composite?
True
Is 138841 composite?
False
Is 3047443 composite?
True
Is 208240301 prime?
True
Is 1515011 prime?
True
Is 37778833 a prime number?
True
Is 1543877 prime?
False
Is 10168927 a composite number?
False
Is 22620491 composite?
False
Is 1417700303 a composite number?
False
Is 229669691 a composite number?
True
Is 24688205 a prime number?
False
Is 231169 composite?
False
Is 236311 prime?
False
Is 4913553 a composite number?
True
Is 5058811 composite?
True
Is 54777157 composite?
False
Is 3889267 prime?
False
Is 46737911 a prime number?
False
Is 1519703 composite?
False
Is 199644407 a composite number?
False
Is 1908407 a composite number?
False
Is 28239485 a composite number?
True
Is 2600579 a composite number?
True
Is 150611 prime?
True
Is 5217211 a prime number?
False
Is 10817363 a prime number?
False
Is 268165007 prime?
False
Is 1369201 a prime number?
True
Is 961757 prime?
True
Is 567102301 a composite number?
True
Is 1708033 prime?
True
Is 7354429 prime?
False
Is 23153723 a composite number?
True
Is 1861919 composite?
True
Is 4350341 a composite number?
False
Is 5103853 a composite number?
True
Is 696961 prime?
True
Is 89723027 composite?
False
Is 1787899 a composite number?
False
Is 100138811 a prime number?
False
Is 65371391 composite?
True
Is 173825065 composite?
True
Is 16376726 a composite number?
True
Is 24935461 a prime number?
False
Is 44163521 prime?
True
Is 377459 composite?
False
Is 1984019 a composite number?
True
Is 101267 a composite number?
False
Is 380833 a composite number?
True
Is 69350753 a prime number?
True
Is 552307 composite?
True
Is 149858477 a composite number?
False
Is 1599803 a composite number?
False
Is 12863941 prime?
True
Is 69898141 prime?
True
Is 67297541 a prime number?
True
Is 189416087 a composite number?
True
Is 16163 composite?
True
Is 68579083 a composite number?
False
Is 245646671 prime?
True
Is 52717361 a composite number?
False
Is 1512607 a composite number?
False
Is 19092709 a prime number?
False
Is 933557 composite?
True
Is 286143599 a composite number?
True
Is 104695447 a prime number?
True
Is 144511 composite?
False
Is 5803405 composite?
True
Is 11133539 a prime number?
True
Is 200484949 composite?
True
Is 1175879 a prime number?
False
Is 9562191 a composite number?
True
Is 114269 prime?
True
Is 28161187 a composite number?
False
Is 37471601 prime?
True
Is 11714291 a prime number?
False
Is 447611 composite?
False
Is 13460953 prime?
False
Is 145139759 prime?
True
Is 31981051 a prime number?
False
Is 239753 composite?
False
Is 4684523 a prime number?
True
Is 2749007 a prime number?
True
Is 2966809 composite?
False
Is 10224551 a prime number?
True
Is 5236811 composite?
False
Is 2148373 a prime number?
True
Is 1790203 a prime number?
True
Is 53013577 a composite number?
False
Is 46301 a prime number?
True
Is 7948147 prime?
True
Is 60984689 composite?
True
Is 12164687 a composite number?
True
Is 10506955 composite?
True
Is 4164833 a composite number?
True
Is 919157 prime?
False
Is 9835109 prime?
True
Is 147784753 composite?
False
Is 2056193 composite?
False
Is 246717431 prime?
True
Is 30415391 a prime number?
False
Is 1246997 prime?
True
Is 60492121 a composite number?
True
Is 54671707 a prime number?
False
Is 3440491 prime?
True
Is 1504513 prime?
True
Is 340741 a composite number?
True
Is 2251659 composite?
True
Is 164829461 a composite number?
False
Is 124295371 composite?
False
Is 118307801 composite?
False
Is 253521791 composite?
False
Is 534902353 prime?
True
Is 677821 a composite number?
True
Is 20209883 a composite number?
False
Is 770683 a prime number?
False
Is 16756193 prime?
False
Is 15820073 prime?
False
Is 11488622 a prime number?
False
Is 1349531 composite?
False
Is 202277 a composite number?
False
Is 296296697 prime?
False
Is 3848969 prime?
True
Is 8458081 a composite number?
False
Is 84619 prime?
False
Is 161890171 a prime number?
False
Is 2455889 prime?
True
Is 20356333 a prime number?
True
Is 244469557 prime?
True
Is 1803007 a composite number?
True
Is 1442347 prime?
False
Is 937177 prime?
False
Is 44645815 prime?
False
Is 58707787 a composite number?
True
Is 389061415 a composite number?
True
Is 3003971 composite?
False
Is 487783 prime?
True
Is 164143601 prime?
False
Is 1751521997 composite?
False
Is 16252781 a composite number?
False
Is 1883414009 prime?
True
Is 359599 a prime number?
True
Is 34001081 prime?
True
Is 1499751889 a composite number?
False
Is 3660326 prime?
False
Is 48269527 composite?
True
Is 12553127 a composite number?
False
Is 71099227 prime?
True
Is 55069697 prime?
True
Is 73936729 a composite number?
False
Is 11743993 composite?
False
Is 430421213 a prime number?
False
Is 700493 composite?
True
Is 106531 a prime number?
True
Is 34752229 prime?
True
Is 13521397 prime?
True
Is 19623139 composite?
True
Is 12864307 a composite number?
False
Is 3019109 a composite number?
False
Is 2259949 a composite number?
False
Is 4178701 composite?
False
Is 36797719 a composite number?
True
Is 56152907 prime?
True
Is 2753999 a prime number?
True
Is 5140763 a composite number?
False
Is 48340633 a prime number?
False
Is 610487 composite?
True
Is 57827771 composite?
False
Is 21267217 composite?
True
Is 23843467 composite?
False
Is 5656907 prime?
False
Is 942195533 prime?
True
Is 549403 prime?
True
Is 6395806 prime?
False
Is 23922229 a composite number?
True
Is 2338517 prime?
False
Is 18403087 composite?
False
Is 13608457 a prime number?
True
Is 52495447 a composite number?
False
Is 25729979 prime?
False
Is 685878643 a prime number?
True
Is 40293269 a composite number?
True
Is 291766309 composite?
True
Is 115233581 composite?
False
Is 7464143 a composite number?
True
Is 9540143 prime?
True
Is 76933547 a prime number?
True
Is 1130897 a composite number?
True
Is 28769269 a prime number?
Fals